.
2
Let a(d) = 7*d - 6. Let x(g) = -6*g + 5. Let c(t) = 5*a(t) + 6*x(t). Let l be (-30)/(6 + -1) + 0. What is c(l)?
6
Let m(u) = -7*u**2 + 3 + u - 4 - u**3 + 5*u**2. Give m(-3).
5
Let y be (-10)/(-35) + 46/(-14). Let v(z) be the third derivative of 0 - 1/60*z**5 - 2/3*z**3 + 3*z**2 - 1/8*z**4 + 0*z. What is v(y)?
-4
Let l = -5 - -6. Let x(w) = 9*w - 4*w + w**2 - w + 0*w + l. Calculate x(-5).
6
Let k be (32/(-10) + 2)*5. Let u(o) = o + 2. Determine u(k).
-4
Let h(c) = 18*c**2 + 1 - 8*c**2 - 16*c**2. Suppose 4*b - 2 = -2*l, 3*l - 4*b = -b - 6. What is h(l)?
-5
Let h(m) = -m - 11. Let w = -5 + 11. Suppose w*o = 2*o + 40. Suppose -o = k + 6*a - 2*a, 3*k + 13 = 5*a. Calculate h(k).
-5
Let c(p) = 19*p**3 + 2*p**2 - 7*p - 2. Let t(u) = -29*u**3 - 3*u**2 + 11*u + 3. Let h(y) = -8*c(y) - 5*t(y). Calculate h(-1).
6
Let r be -5 + 0 + (-2 - -3). Let o = r + 4. Suppose 0 = -5*j - o*j - 5. Let k(l) = -3*l**2 - 1. What is k(j)?
-4
Suppose 17*u - 20 = 21*u. Let q(l) = 3*l + 6. Give q(u).
-9
Let x(w) = w**3 + 2*w**2 - 1. Let g(d) = 2*d**3 + 12*d**2 - 2*d + 5. Let i(p) = g(p) - 3*x(p). Determine i(6).
-4
Suppose -16 = l - 12. Let t(f) be the first derivative of -f**3/3 - f**2 + 2*f - 1. Calculate t(l).
-6
Let c = 2 + -2. Let s(y) be the third derivative of -y**2 - 5/24*y**4 + 1/120*y**6 + 2/3*y**3 + 0*y - 1/30*y**5 + c. Determine s(3).
-2
Let t(r) = -r**3 - r**2 - 2*r - 15. Let q(f) = -2*f**3 - 2*f**2 - 3*f - 15. Suppose 2*k - 11 = -5. Let w(i) = k*t(i) - 2*q(i). Give w(0).
-15
Let n(l) be the third derivative of 11*l**5/60 - l**2. Give n(1).
11
Let f(s) = -5*s**2 + 3*s + 4. Let l(o) = -9*o**2 + 5*o + 7. Let r(h) = 5*f(h) - 3*l(h). Determine r(-1).
1
Let r(z) = z + 3. Let g(v) = v + 4. Let h be g(-4). Suppose 45 = -4*q - 5*s, -2*q - 4*s + h*s = 30. Give r(q).
-2
Let n(q) = 5*q - 6. Let g(h) = -6*h + 7. Let r(o) = -6*g(o) - 7*n(o). Let t be r(0). Let x(c) = -4*c - c**2 + 3*c + 5 - c**3 + 2*c**3. Give x(t).
5
Let g be 49/14*4/7. Let h = 0 + 2. Let m(f) = 1 - 4 + 0*f**2 + g*f + 5 - f**h. Give m(3).
-1
Let i(b) be the first derivative of b**3/3 - b**2 - 4*b - 40. What is i(-4)?
20
Let k(h) = h**3 + 7*h**2 - 8*h + 2. Let o = 8 + -16. Let c be k(o). Suppose -c*s + 8 = s + m, -4 = m. Let p(g) = g**3 - 5*g**2 + 2*g + 5. Give p(s).
-3
Let l(m) be the first derivative of 9*m**4/4 - m**3/3 + m**2 - m - 1. Let a = 1 - -11. Let v = a + -11. Calculate l(v).
9
Let u(j) be the second derivative of j**6/120 + j**5/12 - j**2/2 + 7*j. Let r(y) be the first derivative of u(y). Determine r(-5).
0
Let i(t) = -t - 3*t - 6 + 7*t. Let k be 8/6 + 126/27. Determine i(k).
12
Let i = 98 + -92. Let c(b) = -b**2 + 5*b + 2. Give c(i).
-4
Let o(z) = 3 - z + 2 + 1. Let f(u) = 2*u - 12. Let d(x) = -3*f(x) - 5*o(x). Let w(v) = v**3 - v + 4. Let c be w(0). What is d(c)?
2
Let l be 2*((-1)/(-1) - 1/2). Let f(r) = 9*r**3 - r**2 - r + 1. Calculate f(l).
8
Let r be (-4)/(-14) + 20/28. Let u(s) = -s + 2*s**2 - 2*s**2 + 2*s**2 + 2*s**2 + r. Determine u(1).
4
Suppose -3*l + 5*r = -25, -3*l + r = -8*l + 23. Suppose l*c = c + 8. Let s(m) = -m**3 + 2*m**2 + m. What is s(c)?
2
Let u(j) = -j**3 - 5*j**2 + 7*j + 2. Let x = 9 + -8. Let i(g) = -7*g + 1. Let c be i(x). Determine u(c).
-4
Let n = 68 - 66. Let z(g) be the first derivative of g**4/4 - g**2/2 - g + 3. Determine z(n).
5
Let l(w) = -w**3 - w**2 + 3*w + 2. Let o be l(-2). Let q = -5 - o. Let a(x) = -5 + 3 - 2 + 5*x + x**2. Give a(q).
-4
Let u be 0/(2 + (3 - 6)). Let f be 1 - u/(-2 - 0). Let c(b) = 1 - 2*b + f - 5. Give c(-5).
7
Let i = 10 - 4. Suppose i*f - 8 = 2*f. Suppose -a - f*a + 9 = -4*b, -b - 4*a - 7 = 0. Let q(r) = r**2 + 3*r + 1. Determine q(b).
1
Suppose -9*n + 6*n = 0. Let k(o) = 5*o - 10. Let m(i) = 14*i - 29. Let p(g) = 11*k(g) - 4*m(g). Calculate p(n).
6
Let u(c) be the third derivative of -c**5/30 + c**4/24 + c**3/6 - c**2. Let a = 42 + -43. What is u(a)?
-2
Let d(v) = v**3 - v**2 - 2*v. Let j = 12 - 14. Calculate d(j).
-8
Let j(d) be the second derivative of 3*d**2 + 2*d + 0 - 1/6*d**3. Give j(5).
1
Let k = 29 - 22. Let b(f) = f - 4. Give b(k).
3
Let b(j) be the first derivative of j**4/4 - 2*j**3 - j**2/2 + j - 1. Suppose -v + 30 = 2*v - 3*c, -16 = 4*c. Calculate b(v).
-5
Let v(j) = -3*j + 2*j - 2 + 4*j**2 - 3*j + j. Calculate v(-2).
20
Let t(s) be the third derivative of -s**4/6 + s**3/6 + 75*s**2. Let u(w) = 2*w**2 - 3*w. Let g be u(2). Suppose -2*z = -0*z - g. Calculate t(z).
-3
Let r(p) = -2*p - 2. Let m be 1/(-4)*0/(9/3). Determine r(m).
-2
Let v(c) = 2*c**2 + 2*c + 1. Suppose -2*s + 1 = -u - 0*s, -3*u - 3 = 5*s. Give v(u).
1
Let w(i) = i**2 - 2*i - 3. Suppose -1 = -x + 1. Let o(l) = 3*l**2 - 4*l. Let g be o(x). Calculate w(g).
5
Suppose -2 = -5*v + 4*v. Let z(g) = 5. Let w(m) = -m - 1. Let u(r) = 2*w(r) + z(r). Calculate u(v).
-1
Let j be 6/9 + 32/6. Let z(f) = 5*f + f**2 - 10*f - 3 + 0*f. Give z(j).
3
Let j(x) = -2*x + 1. Suppose -5*u = 4*s + 52, 2*s + 0*u + 24 = -2*u. Let t be (-4)/s*2*-1. Determine j(t).
3
Let z(l) = -8*l + 1. Let b(v) = v - 1. Let n(w) = 4*b(w) + z(w). Determine n(3).
-15
Suppose 0 = -4*t + 2*t - 10. Let y(h) be the second derivative of -h**3/6 + 5*h**2/2 - 5*h. Determine y(t).
10
Let l be (-6)/(-10) - (-68)/20. Suppose -18 = -5*h + 2, -11 = -5*f - l*h. Let i(s) = 8*s**2 - 1. Determine i(f).
7
Let m = -9 - -12. Suppose 0 = -m*w - 5*u + 21, 0 = 4*w - w - 4*u + 6. Let r(y) = y**2 + 1. Calculate r(w).
5
Let r = 21 + -19. Let b(i) = i**2 - 2*i. What is b(r)?
0
Let k be 1/(-3) - 1/(-3). Suppose i + 2 + 2 = k. Let c(o) = o**2 - 4*o - 4. Let n(s) = -5*s**2 + 15*s + 16. Let t(q) = 9*c(q) + 2*n(q). Calculate t(i).
4
Let o(l) = -l**2 - 5*l + 1. Let v be (-2 - -4)*9/6. Suppose 5*p + d - v = 7, 3*p - d = 6. Let z be (-5)/p*2*1. Calculate o(z).
1
Let g = 61 - 58. Let a(m) = -m**2 + 2. Give a(g).
-7
Let k(x) = -2 + x**2 + 5*x - 11*x - 2 + 0*x**2. What is k(6)?
-4
Let s be (-2)/10 - 108/(-15). Let m(b) = -2 - 2*b - 4*b + 1 + s*b. Calculate m(0).
-1
Let p(k) = k**2 + k + 1. Let i(r) = r**3 + 9*r**2 + 5*r + 7. Let g(z) = z**2 - 2*z - 4. Let d be g(3). Let y(q) = d*i(q) + 5*p(q). What is y(-4)?
-2
Let c(s) be the second derivative of s**5/60 + s**4/8 - 5*s**3/6 + 4*s. Let r(a) be the second derivative of c(a). What is r(-3)?
-3
Suppose 4*a + 2 = -2. Let v(g) = -1 - 2 - 7*g + 4. Calculate v(a).
8
Suppose 0 = -0*x + 3*x + 5*t - 19, -4*x + t = -10. Let d(z) = 4*z + 2 - 2 + x + z**2 + 0*z**2. What is d(-3)?
0
Suppose -5*h + 7 = -5*b + 2, 0 = -h - 4*b + 6. Let f(d) = d - 2. Give f(h).
0
Suppose 2*j - 4*j = 2*p - 4, p = -5*j + 2. Let q(g) = -g - 4. Calculate q(j).
-4
Let l be 2/(-5) + 104/10. Let x(d) = -l*d - 3 + 2 + d + 3*d. Determine x(-1).
5
Let r be ((-42)/(-15))/2*5. Let s(g) = -g + 1. Calculate s(r).
-6
Let l(i) = -i**2 + i. Let c(f) = -2*f**2 + 5*f. Let z(u) = -c(u) + 3*l(u). What is z(-2)?
0
Let b(k) = k**3 - 2*k**2 - 4*k - 2. Let d(s) = s**3 - s**2 - 5*s - 3. Let x(g) = 5*b(g) - 4*d(g). Calculate x(6).
2
Let c(t) = -t**3 + 4*t**2 + 4*t + 4. Let a be c(5). Let k(v) = -12*v**2 - v. Calculate k(a).
-11
Let a(h) = -h. Let f(q) = -q**2 + 2*q - 9. Let o(x) = -3*x**2 + 3*x - 19. Let y(c) = 5*f(c) - 2*o(c). Let l be y(-5). Calculate a(l).
2
Let b(t) be the first derivative of t**4/4 + 2*t**3 + 3*t**2 - 3*t - 7. Give b(-5).
-8
Suppose 3*v = 8*v + 45. Let a(p) = -5*p + 11. Let j(m) = 9*m - 22. Let k(u) = -11*a(u) - 6*j(u). Let l be k(v). Let n(q) = q**3 - 3*q + 1. What is n(l)?
3
Suppose 9*q - 6*q = 9. Let g(y) = -7*y**2 + 3*y - 8. Let o(u) = 6*u**2 - 3*u + 7. Let x(d) = 5*g(d) + 6*o(d). What is x(q)?
2
Let h(x) = -3*x + 7. Let o(z) = -5*z**3 + 3 + 4*z**3 - z**2 + 9*z - 4*z. Let k be o(-3). Determine h(k).
-11
Suppose -8*p - 10 = -3*p. Let b be 0 + p - (3 - 4). Let g(t) be the first derivative of 2*t**3 + t + 1. Give g(b).
7
Suppose -2*g = 2*o - 6, o + 0*g = 2*g + 6. Suppose 5*b - 2*u = 10, -b + 4*u = 3*u - 2. Let y(m) = m**3 - o*m + m**2 + m**2 - 4 + m**b. Determine y(-4).
-4
Let h(p) = -5*p**2 - p + 1. Let c(z) = 6*z**2 + z - 1. Let g(j) = -4*c(j) - 5*h(j). What is g(-3)?
5
Let l(t) = -t**3 - 6*t**2 - 4*t + 6. Let n be l(-5). Let c be n + 3*3/9. Let r(y) = 0 - 4 + 6*y - y**c - 2. Determine r(4).
2
Let w(x) = -x**3 + 4*x**2 - x - 2. Let y be w(4). Let o be ((-2)/y)/(-1)*15. Let c(r) = r**2 + 5*r + 5. Determine c(o).
5
Let m(f) 